+ -8)?
1
Calculate -3 + 10 - 7 - 5 - -11.
6
What is the value of 1 + -1 - -2 - (-8 - -10)?
0
Calculate -1 + -1 + 2 + 5.
5
0 - (8 + (5 - 4) + -3)
-6
Calculate 2 + (0 - (2 + -4)).
4
Calculate -5 + (10 + -4 - (3 + -8)).
6
What is the value of -1 - (1 - 5 - (-12 - -10))?
1
What is 1 + -2 + (6 - 5) - -4?
4
What is -1 - 0 - -3 - (0 + -3)?
5
4 + 2 - 2 - (2 - -1)
1
Calculate (-2 - -4) + (-7 - -10).
5
Calculate (-5 + (5 - 0) - -3) + -3.
0
3 + -2 - -5 - (5 - 3)
4
Calculate 5 + (-43 - -32) + 1 + 2.
-3
(2 - -11) + (-1 - 5) + -9
-2
What is (-3 - 4 - -1) + -20 + 20?
-6
Calculate (14 - 8) + -12 + 13.
7
What is -3 + -1 + (4 - 3) - -6?
3
Evaluate -28 - -18 - (-12 + 0).
2
What is 3 + (9 - 1) + (-3 - 5)?
3
What is -2 + (1 - 1) + 6 + -7?
-3
What is the value of (-3 - (3 + -2)) + 0 + 5?
1
4 + -1 - (10 - 18 - -19)
-8
Evaluate 4 - (8 + 1 + -5).
0
Evaluate -3 + 11 + (-6 - -8) + -7.
3
4 - (5 - (2 - 4))
-3
Evaluate -1 - (5 + -11 - -6).
-1
1 + (2 - (1 + 0)) - 3
-1
(-9 + 5 - -11) + (2 - 1)
8
Evaluate -1 + (0 - 4 - -2).
-3
What is the value of 11 + -12 - (2 + -3)?
0
3 - (-5 - -10 - (-1 + 2))
-1
Calculate 2 + (3 - 1 - (-7 - -8)).
3
Evaluate (-2 - 3 - -3 - -2) + -6.
-6
Calculate 1 - -1 - (7 + (-11 - -2)).
4
Evaluate 3 + (3 + -5 - 1) - 2.
-2
Calculate -3 + 0 + -1 + 4.
0
Calculate 3 - ((3 - -10) + -6).
-4
What is the value of 2 + -2 - (0 + 1) - 1?
-2
What is -1 + -7 + 12 + -7?
-3
What is -4 - (-7 + 19 + -7)?
-9
Calculate (-3 - (-9 - -2)) + (-12 - -8).
0
What is the value of (-1 - (-3 - -1)) + (-4 - -4)?
1
Evaluate -5 - -7 - ((10 - 1) + -2).
-5
Calculate (-4 + 6 - 2) + (-5 - -2).
-3
What is the value of 1 + -5 + -2 + 5?
-1
Evaluate -31 + 35 - (5 - 1).
0
What is -16 + 18 + (3 - 1) + -5?
-1
-2 - -4 - 3 - 1
-2
What is the value of 0 + 0 - ((-7 - -3) + 4)?
0
(51 - 51) + (-7 - 0)
-7
What is -1 - -2 - (3 - 3)?
1
What is the value of (-7 - 1 - -5) + 6?
3
Evaluate 2 - (-5 - -9 - (2 + -7)).
-7
What is -1 + 12 + -4 + -4 + -3?
0
What is 11 - (3 + 3 + 0)?
5
What is 4 + (-1 + -8 - (-2 + 0))?
-3
Calculate (-4 + 10 - 5) + (1 - 2).
0
What is (-4 - (-16 + 4)) + -4?
4
Evaluate -5 - (2 + (0 - 2)).
-5
What is 3 - 0 - 3 - 0 - -3?
3
Evaluate 2 - (3 - 14 - -7).
6
Calculate 1 + -1 + 3 - (56 + -56).
3
Evaluate -1 + 1 - -2 - (-21 + 18).
5
What is 5 - (11 - (16 - 9))?
1
What is 1 + -7 + 15 + -14?
-5
What is 0 - 1 - (-9 + 3)?
5
Evaluate 10 - 0 - 1 - 17.
-8
-4 + 2 - (50 - 48)
-4
(-1 - -3) + -11 + 7
-2
What is 1 + 8 + -16 + 14?
7
What is -7 + 2 - (-7 - -1)?
1
5 - 1 - (5 - -4 - -2)
-7
Evaluate -1 - (0 - -2) - -1.
-2
Calculate (10 - 14) + (0 - -1).
-3
Calculate 1 - (2 + 1 + -1) - -3.
2
What is the value of -4 + 0 + 11 + -4 + 2?
5
Calculate 1 - (-1 + (1 - 3)).
4
2 - 3 - (-2 + (7 - 8))
2
(4 - 1) + -1 + 7 + -4
5
Calculate 10 - 3 - 4 - 4.
-1
-2 + (4 - 2) + (17 - 13)
4
What is the value of 2 - (1 - 1) - (-79 - -87)?
-6
0 + (3 - 9) + 3 - 0
-3
What is -6 - (11 + (11 - 27))?
-1
Calculate (-3 - -4) + -4 - (13 - 11).
-5
What is 3 + -1 - (12 + 2 - 9)?
-3
What is the value of 4 + (-4 - -6) + (2 - 2)?
6
Evaluate -15 + 12 + -1 + 0.
-4
(-4 + 6 - 2) + -2
-2
What is 0 - 1 - (-1 + 0)?
0
Calculate -1 + 8 - (18 + -15).
4
What is the value of 2 - (1 + 4 + -2)?
-1
Calculate (2 - 5) + -4 - -6.
-1
(3 - -1) + -4 + -5 + 1
-4
Evaluate 3 - (-3 - -2) - -1.
5
What is -8 + 0 + -3 - -10?
-1
Evaluate -6 + 0 + 2 + 0.
-4
6 + (-5 - -3) + -7 + 3
0
What is 20 + 0 + -6 + -2 - 7?
5
Evaluate 3 - (-5 + -3 + 14).
-3
(-11 - (-10 - -1)) + 9
7
What is -5 + (12 - (0 - -8))?
-1
2 - 1 - (1 + (1 - 4))
3
Evaluate -2 + 1 + 1 + 1 + 2.
3
What is the value of 3 - (6 + 1 + -3 + 3)?
-4
Calculate 0 + -1 - (-3 - -6 - 5).
1
What is the value of -2 + 2 + -7 + 8 + -4?
-3
What is the value of 2 + -5 + (10 - 0)?
7
Evaluate (114 - 117) + (0 - (1 - -2)).
-6
Evaluate 4 - (-2 - (-8 - 1)).
-3
Calculate (3 - (5 - 4)) + -4.
-2
-13 - -10 - (1 + 1)
-5
Evaluate (-41 - -43) + (2 - 3) + 6.
7
0 - -3 - (8 - -1 - 4)
-2
Evaluate 1 + 0 - (-1 + -1).
3
3 + (0 - 2) + -1
0
Evaluate -2 - (-2 + (11 - 6)).
-5
What is -22 + 27 - (0 - 3)?
8
Calculate 3 - 5 - 1 - -1.
-2
(18 - 11) + -10 + (7 - -1)
5
What is (2 - 0 - 6) + 9 + -6?
-1
What is -8 - ((-3 - -5) + -9)?
-1
Calculate 11 + -10 + 15 + -10.
6
What is the value of 11 - (21 + (-23 - -13))?
0
5 + (-3 - -6 - 3)
5
What is the value of 2 - 6 - (0 + (-3 - 1))?
0
Evaluate -2 + 6 + 2 + -4 - -1.
3
What is the value of -2 + -5 + (-5 + -6 - -17)?
-1
What is the value of 3 - (-2 + -5 + 6)?
4
Calculate 2 + (-3 - (2 - (-4 - -11))).
4
Calculate (-1 - (1 + 4)) + (0 - -3).
-3
-2 + (-3 + 2 - 2 - -7)
2
What is -15 - (13 - 30 - -7)?
-5
What is the value of 1 + -6 - -15 - 7?
3
Evaluate 9 - (-7 + 9 - -8).
-1
Evaluate -2 - -1 - (-4 - (2 - 4)).
1
-9 + -9 + 27 + -18
-9
What is 2 + 15 - 19 - (0 - 1)?
-1
Evaluate (-8 - (-7 + 8)) + (-3 - -6).
-6
What is the value of -1 - 0 - 4 - (-12 - -10)?
-3
Calculate -5 - (0 + (0 - -1) - 4).
-2
Evaluate -110 + 101 - (-1 + -1).
-7
Calculate 0 + 2 - (8 + 2 + -4).
-4
Calculate 1 + (-2 - -1) + 2 - -1.
3
Calculate -9 + 8 + (9 - 5).
3
8 - 4 - ((-4 - -2) + 4)
2
(41 - 34) + (-1 - 0)
6
Evaluate 6 + -4 - 0 - -2.
4
Evaluate 8 + 4 + -13 + 2 + -6.
-5
What is the value of 6 + 3 + 1 + -1 + -4?
5
What is the value of -2 + -3 + 3 + -19 + 21?
0
-49 - -52 - (-1 + 1 - -3)
0
Calculate 8 + -3 - 0 - (0 + -3).
8
What is the value of (0 - -3) + 5 + -5 - 8?
-5
Calculate -1 + 6 + -7 + 5.
3
Evaluate -5 - (-1 - -2) - -2.
-4
What is 2 + 2 - (-5 + 6)?
3
Evaluate (-9 - -13) + -4 + 5.
5
What is the value of (1 - (4 + -9 - -3)) + -3?
0
What is the value of -1 + -4 - (3 + -4 + -9)?
5
What is -2 + 1 + (-5 - -10)?
4
What is the value of -8 + -5 + 11 - (-2 - 5)?
5
Evaluate -9 + (3 - -19) + -7.
6
Evaluate (0 - 0) + (4 + -11 - -5).
-2
What is (-1 - -6) + (-4 - 0)?
1
Evaluate 0 + (-2 - -7) - (-68 + 68).
5
4 - (2 + 1 + (-11 - -7))
5
Evaluate -1 - (7 - (4 + -9 + 13)).
0
What is the value of 6 + -4 + (-2 - -1)?
1
What is the value of (-4 - -2) + (27 - 23) - 0?
2
Evaluate -7 + (-7 - -17) - (1 + 1).
1
What is the value of 0 - (4 - -1) - (15 + -20)?
0
(3 - 3) + (-2 - 2)
-4
What is 4 + (0 - 3 - -2)?
3
Calculate (6 - 20) + 11 + 9 + -1.
5
Evaluate 10 + (3 - 9) + -3.
1
What is the value of 15 + 3 + -5 + -6?
7
What is (-9 - (-2 + 0)) + 5 + -7?
-9
Evaluate (0 - 1) + (-50 - -53).
2
What is 9 + -14 + 4 + 5 - 2?
2
Evaluate 9 - (-1 + 5) - 3.
2
What is -1 + -2 + -2 + 6?
1
Calculate 3 + 5 + -2 - 4.
2
-7 - (-8 + -6 + 15 + -1)
-7
Calculate -16 + 6 + 18 + -9.
-1
What is the value of 4 + 0 + (17 - 19)?
2
Evaluate -7 + 5 + 2 + 0.
0
-1 - ((4 - 5 - -2) + 0)
-2
-2 + (11 - 20) - -12
1
What is 2 + 1 + -3 + 2?
2
1 - 3 - (-6 - (-3 + 2))
3
What is the value of -3 - (-7 + 0 - -9)?
-5
What is -2 + -2 + 9 - (-23 - -26)?
2
What is (-8 + -1 - -1) + 4?
-4
What is the value of 0 - -3 - (-6 - (-3 - 2))?
4
Evaluate 77 + -80 + -1 + 2.
-2
(4 - 6 - -1) + 3 + -2
0
6 + (2 - 2 - (3 - -1))
2
3 + 0 - ((2 - 1) + -2)
4
Evaluate 10 + -5 - (7 - (4 + -1)).
1
What is 10 + 0 - (-32 - -40)?
2
Evaluate -1 + (-1 + 3 - (4 + -1)).
-2
What is 5 - 10 - (2 - (6 - 4))?
-5
13 + (-9 - (4 + -7))
7
-2 - (4 + (-9 - 0))
3
What is the value of 0 + 4 + (-3 - (4 + -1))?
-2
Calculate -85 + 90 - (-1 - 0).
6
What is (-7 - -4) + 1 + 2?
0
What is the value of (7 - (0 - -3)) + -1?
3
What is (5 - 2) + -8 + (28 - 16)?
7
What is the value of (12 - 7 - -3) + -13?
-5
Calculate (-2 - -2) + 2 + (67 - 67).
2
What is the value of (1 - 5 - -7) + (0 - 14)?
-11
Evaluate -9 + 9 - (0 + -3 + 0).
3
10 + (-6 - 7) - (1 - 1)
-3
What is -1 + (1 + 0 - (13 + -14))?
1
What is the value of 9 + 0 + -2 - 2?
5
What is 251 - 245 - (0 + -1 + 15)?
-8
-1 + -1 - ((-7 - -8) + -5)
2
Calculate -155 - -157 - (-1 - -2).
1
Evaluate -2 + 5 + -4 - -4.
3
What is -3 + 4 + (-6 - -3)?
-2
What is -1 + -4 + 5 + 0 + 2?
2
(-10 - -21) + -6 + (-11 - -3)
-3
What is 0 + (-20 - -11 - -5)?
-4
Calculate 0 - -2 - ((-14 - -6) + 7).
3
What is the value of -1 + (3 - 3 - -5) + -6?
-2
What is -6 - (-5 + 1 + 2)?
-4
Calculate (10 - 4) + -2 + (7 - 5).
6
What is the value of -8 + (5 - (2 + 6)) + 5?
-6
Calculate 2 + (-4 - (3 + -4)).
-1
Evaluate -15 + 16 - (-1 - (-2 - 0)).
0
-3 + 4 + (9 - 17)
-7
What is the value of (1 + -1 - -2) + (-2 - 4)?
-4
(1 - 0) + -3 - -2
0
18 + 7 + -11 + -5
9
Evaluate -23 + 13 - 2 - -13.
1
Evaluate (-2 - (3 + -1 - 2)) + -4.
-6
What is the value of (-14 + 1 - -3) + 10?
0
-1 + (-1 - ((-3 - 